902292?
7
What is the greatest common divisor of 95 and 159353?
19
Calculate the highest common divisor of 24056478 and 18.
18
Calculate the highest common divisor of 9264 and 13435116.
2316
Calculate the highest common divisor of 548366 and 3640.
182
Calculate the greatest common divisor of 1814868 and 22.
22
What is the greatest common divisor of 3096 and 300914?
86
Calculate the greatest common factor of 25190 and 60231809.
2519
Calculate the greatest common factor of 43921259 and 53.
53
What is the highest common factor of 101925021 and 51663?
3039
What is the highest common factor of 4791 and 4116?
3
What is the highest common divisor of 771210 and 2535170?
2090
What is the highest common divisor of 5120 and 20765440?
1280
What is the highest common factor of 3 and 30037674?
3
Calculate the greatest common divisor of 511 and 105437185.
511
What is the greatest common factor of 51593644 and 3316?
3316
What is the greatest common divisor of 75 and 98573355?
15
What is the greatest common factor of 23184 and 2952?
72
What is the greatest common factor of 496 and 1299456?
16
Calculate the greatest common factor of 652509 and 168168.
429
What is the highest common divisor of 990430 and 4480?
70
What is the greatest common divisor of 560 and 1579143440?
560
What is the highest common divisor of 409437 and 22472604?
4221
What is the greatest common divisor of 888175 and 1?
1
Calculate the highest common factor of 49642197 and 981.
327
What is the highest common factor of 308918020 and 4300?
860
What is the highest common divisor of 83668 and 11388?
52
What is the highest common factor of 10367710 and 23?
23
What is the greatest common factor of 1194673 and 689?
53
Calculate the greatest common divisor of 423 and 362900442.
141
Calculate the greatest common factor of 1 and 31406311.
1
Calculate the greatest common divisor of 677021904 and 719.
719
Calculate the highest common factor of 26 and 681576298.
26
What is the highest common divisor of 3575388 and 58692?
804
Calculate the greatest common factor of 19 and 103861771.
19
What is the highest common factor of 263450 and 17450?
50
Calculate the highest common divisor of 640963978 and 808.
202
Calculate the greatest common divisor of 4254 and 104291064.
4254
What is the greatest common divisor of 698320771 and 1413?
157
What is the greatest common factor of 11243072 and 640?
64
What is the highest common factor of 1239394 and 3614?
26
What is the greatest common divisor of 1040 and 3062020?
260
Calculate the highest common factor of 47023972 and 1022.
146
Calculate the greatest common factor of 55 and 7560949.
11
Calculate the greatest common factor of 828 and 260750.
2
Calculate the greatest common factor of 1648999911 and 247.
247
What is the highest common divisor of 27843588 and 4536?
324
Calculate the highest common factor of 1305 and 3523550.
5
Calculate the highest common factor of 588 and 49128135.
147
What is the greatest common factor of 490 and 37135630?
490
What is the highest common factor of 27202 and 274862?
406
Calculate the greatest common factor of 36 and 21811464.
36
What is the highest common factor of 4489878 and 22429?
2039
What is the greatest common factor of 1902 and 7336648?
634
Calculate the greatest common factor of 281262522 and 842.
842
Calculate the highest common divisor of 380804 and 273730.
62
Calculate the highest common factor of 4848856 and 24.
8
Calculate the highest common divisor of 43 and 28525211.
43
Calculate the highest common factor of 19036734 and 2.
2
Calculate the highest common divisor of 203 and 1368234.
7
Calculate the greatest common factor of 9350 and 188050.
50
What is the highest common divisor of 12418 and 14977882?
1774
Calculate the greatest common factor of 3225 and 50345.
5
What is the greatest common factor of 48716 and 4822504?
76
Calculate the highest common divisor of 80552464 and 1180.
236
Calculate the highest common divisor of 3816087 and 825627.
6501
Calculate the greatest common divisor of 745066 and 182742.
266
What is the highest common factor of 864 and 10140048?
144
Calculate the greatest common factor of 575 and 25124675.
25
Calculate the greatest common factor of 27329137 and 517.
517
What is the greatest common divisor of 8427 and 4236979?
53
Calculate the highest common divisor of 221 and 116728599.
13
What is the highest common factor of 28327 and 17303?
13
Calculate the highest common factor of 264 and 1295832736.
88
Calculate the greatest common factor of 17886786 and 732.
366
Calculate the highest common factor of 5803981 and 1108.
277
Calculate the highest common divisor of 78 and 944873046.
78
What is the highest common divisor of 993433 and 357091?
973
Calculate the highest common factor of 666128 and 2528.
1264
What is the greatest common factor of 1732743 and 3173?
19
Calculate the greatest common divisor of 106976 and 88.
8
What is the greatest common factor of 2879543 and 583?
53
What is the highest common factor of 28 and 1223579?
7
What is the highest common divisor of 7898576 and 644?
28
Calculate the greatest common divisor of 129495779 and 49.
49
What is the greatest common factor of 124209602 and 44?
22
Calculate the greatest common divisor of 2511 and 1872099.
27
What is the highest common divisor of 1713 and 58051857?
1713
What is the greatest common factor of 20 and 20016450?
10
Calculate the greatest common factor of 192996 and 4006454.
3574
What is the greatest common factor of 19243 and 5?
1
Calculate the highest common divisor of 6336 and 23016096.
288
What is the highest common divisor of 5001 and 13966126?
1667
Calculate the highest common divisor of 20634589 and 38.
19
Calculate the highest common factor of 609 and 2178248.
29
Calculate the greatest common divisor of 15 and 1145245.
5
Calculate the highest common divisor of 1148191 and 11.
11
What is the highest common factor of 229401843 and 6296?
787
Calculate the highest common divisor of 161 and 47747.
7
Calculate the highest common divisor of 385 and 29060.
5
What is the highest common divisor of 648 and 45723096?
216
What is the highest common factor of 520506 and 4032?
126
Calculate the highest common factor of 6158982 and 10715.
2143
What is the highest common factor of 559 and 3075833?
43
Calculate the highest common factor of 41385950 and 60.
10
What is the greatest common factor of 48 and 35271492?
12
What is the highest common factor of 4585 and 11777555?
655
What is the highest common factor of 83607486 and 12?
6
Calculate the greatest common factor of 1683 and 117290888.
187
What is the highest common divisor of 41996988 and 2871?
2871
Calculate the greatest common divisor of 3102 and 5544308.
1034
Calculate the highest common factor of 17227430 and 1760.
110
What is the greatest common divisor of 23 and 16871?
1
Calculate the greatest common divisor of 728 and 367714152.
104
Calculate the greatest common divisor of 7946 and 275644.
274
Calculate the highest common factor of 32706 and 184652388.
1422
What is the greatest common divisor of 22870 and 61575188?
4574
What is the highest common divisor of 132751306 and 1837?
167
Calculate the highest common factor of 995347956 and 1572.
1572
What is the greatest common divisor of 1154 and 86550577?
577
What is the greatest common factor of 19792752 and 336?
336
Calculate the highest common factor of 57 and 4010406.
57
Calculate the greatest common factor of 5 and 60437185.
5
What is the highest common factor of 8198485 and 5715?
635
What is the highest common divisor of 613859147 and 3982?
1991
Calculate the greatest common factor of 324 and 370057734.
162
Calculate the highest common divisor of 16170 and 5632.
22
Calculate the highest common divisor of 115227 and 5499648.
1953
What is the greatest common divisor of 4086577 and 57?
19
What is the highest common factor of 605394 and 404?
202
Calculate the highest common factor of 458382 and 272303.
317
What is the greatest common divisor of 90 and 63793566?
18
Calculate the greatest common divisor of 168 and 8863176.
168
Calculate the greatest common divisor of 1024085 and 713.
31
Calculate the highest common divisor of 322728396 and 9162.
3054
Calculate the highest common divisor of 7150 and 8177026.
286
What is the highest commo